{"id":723,"date":"2020-11-12T23:40:07","date_gmt":"2020-11-12T22:40:07","guid":{"rendered":"https:\/\/maudsoulimant.com\/?page_id=723"},"modified":"2025-04-16T16:34:17","modified_gmt":"2025-04-16T14:34:17","slug":"process","status":"publish","type":"page","link":"https:\/\/maudsoulimant.com\/","title":{"rendered":"PROCESS"},"content":{"rendered":"\n<div class=\"wp-block-group alignfull has-background-background-color has-background\"><div class=\"wp-block-group__inner-container is-layout-flow wp-block-group-is-layout-flow\">\n<div class=\"wp-block-jetpack-layout-grid alignfull column1-desktop-grid__span-3 column1-desktop-grid__start-2 column1-desktop-grid__row-1 column2-desktop-grid__span-6 column2-desktop-grid__start-6 column2-desktop-grid__row-1 column1-tablet-grid__span-3 column1-tablet-grid__row-1 column2-tablet-grid__span-5 column2-tablet-grid__start-4 column2-tablet-grid__row-1 column1-mobile-grid__span-4 column1-mobile-grid__row-1 column2-mobile-grid__span-4 column2-mobile-grid__row-2\">\n<div class=\"wp-block-jetpack-layout-grid-column wp-block-jetpack-layout-grid__padding-none\">\n<figure class=\"wp-block-image size-large is-style-circle-mask\"><img data-recalc-dims=\"1\" loading=\"lazy\" decoding=\"async\" width=\"460\" height=\"550\" data-attachment-id=\"736\" data-permalink=\"https:\/\/maudsoulimant.com\/?attachment_id=736\" data-orig-file=\"https:\/\/i0.wp.com\/maudsoulimant.com\/wp-content\/uploads\/2020\/11\/STUDIO-HENK-3.jpg?fit=460%2C550&amp;ssl=1\" data-orig-size=\"460,550\" data-comments-opened=\"0\" data-image-meta=\"{&quot;aperture&quot;:&quot;0&quot;,&quot;credit&quot;:&quot;&quot;,&quot;camera&quot;:&quot;&quot;,&quot;caption&quot;:&quot;&quot;,&quot;created_timestamp&quot;:&quot;0&quot;,&quot;copyright&quot;:&quot;&quot;,&quot;focal_length&quot;:&quot;0&quot;,&quot;iso&quot;:&quot;0&quot;,&quot;shutter_speed&quot;:&quot;0&quot;,&quot;title&quot;:&quot;&quot;,&quot;orientation&quot;:&quot;0&quot;}\" data-image-title=\"STUDIO-HENK-3\" data-image-description=\"\" data-image-caption=\"\" data-large-file=\"https:\/\/i0.wp.com\/maudsoulimant.com\/wp-content\/uploads\/2020\/11\/STUDIO-HENK-3.jpg?fit=460%2C550&amp;ssl=1\" src=\"https:\/\/i0.wp.com\/maudsoulimant.com\/wp-content\/uploads\/2020\/11\/STUDIO-HENK-3.jpg?resize=460%2C550&#038;ssl=1\" alt=\"\" class=\"wp-image-736\" srcset=\"https:\/\/i0.wp.com\/maudsoulimant.com\/wp-content\/uploads\/2020\/11\/STUDIO-HENK-3.jpg?w=460&amp;ssl=1 460w, https:\/\/i0.wp.com\/maudsoulimant.com\/wp-content\/uploads\/2020\/11\/STUDIO-HENK-3.jpg?resize=251%2C300&amp;ssl=1 251w, https:\/\/i0.wp.com\/maudsoulimant.com\/wp-content\/uploads\/2020\/11\/STUDIO-HENK-3.jpg?resize=160%2C191&amp;ssl=1 160w\" sizes=\"auto, (max-width: 460px) 100vw, 460px\" \/><\/figure>\n<\/div>\n\n\n\n<div class=\"wp-block-jetpack-layout-grid-column wp-block-jetpack-layout-grid__padding-none\">\n<h2 class=\"wp-block-heading\">Chronologie des \u00e9tapes d&rsquo;\u00e9laboration du projet<\/h2>\n\n\n\n<div style=\"height:32px\" aria-hidden=\"true\" class=\"wp-block-spacer\"><\/div>\n\n\n\n<h4 class=\"wp-block-heading\">Conception<\/h4>\n\n\n\n<p class=\"wp-block-paragraph\">Apr\u00e8s avoir effectu\u00e9 le relev\u00e9 m\u00e9trique, nous r\u00e9alisons la premi\u00e8re phase de conception qui d\u00e9finit la direction esth\u00e9tique du projet et pr\u00e9sente plusieurs propositions d&rsquo;am\u00e9nagement. La seconde phase consiste \u00e0 mettre au point l&rsquo; option que vous aurez retenue afin de constituer le dossier de consultation des entreprises. Enfin la troisi\u00e8me et derni\u00e8re phase est la constitution de la liste d\u00e9taill\u00e9e des fournitures sur laquelle nous nous appuierons pour l&rsquo;\u00e9tape de suivi des travaux et r\u00e9alisation des achats.<\/p>\n\n\n\n<div style=\"height:20px\" aria-hidden=\"true\" class=\"wp-block-spacer\"><\/div>\n\n\n\n<h4 class=\"wp-block-heading\">Suivi travaux &amp; achats<\/h4>\n\n\n\n<p class=\"wp-block-paragraph\">Nous vous accompagnons dans le choix des entreprises et coordonnons le planning des interventions, en assurons le suivi et r\u00e9alisons les achats  de mobilier, rev\u00eatements et \u00e9quipements. Chaque ouvrage n\u00e9cessitant une dur\u00e9e d&rsquo;ex\u00e9cution qui lui est propre, nous anticipons avec l&rsquo;ensemble des protagonistes, artisans, artistes, entreprise tce, etc. les dates de livraisons respectives afin que tout concorde.<\/p>\n\n\n\n<div style=\"height:20px\" aria-hidden=\"true\" class=\"wp-block-spacer\"><\/div>\n\n\n\n<h4 class=\"wp-block-heading\">Installation<\/h4>\n\n\n\n<p class=\"wp-block-paragraph\">Nous supervisons le d\u00e9ballage, montage et installation du mobilier,  des luminaires et accessoires de d\u00e9coration. Nous mettons litt\u00e9ralement en sc\u00e8ne l&rsquo;ensemble de ces \u00e9l\u00e9ments pour donner vie au d\u00e9cor et cr\u00e9er la chaleur de votre nouveau foyer, bureau, h\u00f4tel ou commerce.<\/p>\n<\/div>\n<\/div>\n\n\n\n<div style=\"height:64px\" aria-hidden=\"true\" class=\"wp-block-spacer\"><\/div>\n<\/div><\/div>\n\n\n\n<div class=\"wp-block-group alignfull has-background-light-background-color has-background\"><div class=\"wp-block-group__inner-container is-layout-flow wp-block-group-is-layout-flow\">\n<div style=\"height:64px\" aria-hidden=\"true\" class=\"wp-block-spacer\"><\/div>\n\n\n\n<div class=\"wp-block-jetpack-layout-grid alignfull column1-desktop-grid__span-8 column1-desktop-grid__start-3 column1-desktop-grid__row-1 column1-tablet-grid__span-8 column1-tablet-grid__row-1 column1-mobile-grid__span-4 column1-mobile-grid__row-1\">\n<div class=\"wp-block-jetpack-layout-grid-column wp-block-jetpack-layout-grid__padding-none\">\n<hr class=\"wp-block-separator\"\/>\n\n\n\n<p class=\"wp-block-paragraph\">\u00ab\u00a0<em>En automne, je r\u00e9coltai toutes mes peines et les enterrai dans mon jardin. Lorsque avril refleurit et que la terre et le printemps c\u00e9l\u00e9br\u00e8rent leurs noces, mon jardin fut jonch\u00e9 de fleurs splendides et exceptionnelles<\/em>.\u00a0\u00bb<\/p>\n\n\n\n<p class=\"has-text-align-center wp-block-paragraph\">Gibran Khalil Gibran<\/p>\n\n\n\n<hr class=\"wp-block-separator\"\/>\n<\/div>\n<\/div>\n\n\n\n<div style=\"height:64px\" aria-hidden=\"true\" class=\"wp-block-spacer\"><\/div>\n<\/div><\/div>\n\n\n\n<div class=\"wp-block-cover alignfull has-background-dim-30 has-background-dim\" style=\"min-height:593px;aspect-ratio:unset;\"><img data-recalc-dims=\"1\" loading=\"lazy\" decoding=\"async\" width=\"1100\" height=\"734\" data-attachment-id=\"748\" data-permalink=\"https:\/\/maudsoulimant.com\/?attachment_id=748\" data-orig-file=\"https:\/\/i0.wp.com\/maudsoulimant.com\/wp-content\/uploads\/2020\/11\/StudioHENK_10082020_-031-2.jpg?fit=1981%2C1321&amp;ssl=1\" data-orig-size=\"1981,1321\" data-comments-opened=\"0\" data-image-meta=\"{&quot;aperture&quot;:&quot;11&quot;,&quot;credit&quot;:&quot;&quot;,&quot;camera&quot;:&quot;NIKON Z 7&quot;,&quot;caption&quot;:&quot;&quot;,&quot;created_timestamp&quot;:&quot;1597051969&quot;,&quot;copyright&quot;:&quot;&quot;,&quot;focal_length&quot;:&quot;33&quot;,&quot;iso&quot;:&quot;100&quot;,&quot;shutter_speed&quot;:&quot;0.2&quot;,&quot;title&quot;:&quot;&quot;,&quot;orientation&quot;:&quot;1&quot;}\" data-image-title=\"StudioHENK_10082020_-031-2\" data-image-description=\"\" data-image-caption=\"\" data-large-file=\"https:\/\/i0.wp.com\/maudsoulimant.com\/wp-content\/uploads\/2020\/11\/StudioHENK_10082020_-031-2.jpg?fit=1024%2C683&amp;ssl=1\" class=\"wp-block-cover__image-background wp-image-748\" alt=\"\" src=\"https:\/\/i0.wp.com\/maudsoulimant.com\/wp-content\/uploads\/2020\/11\/StudioHENK_10082020_-031-2.jpg?resize=1100%2C734&#038;ssl=1\" style=\"object-position:92% 65%\" data-object-fit=\"cover\" data-object-position=\"92% 65%\" srcset=\"https:\/\/i0.wp.com\/maudsoulimant.com\/wp-content\/uploads\/2020\/11\/StudioHENK_10082020_-031-2.jpg?w=1981&amp;ssl=1 1981w, https:\/\/i0.wp.com\/maudsoulimant.com\/wp-content\/uploads\/2020\/11\/StudioHENK_10082020_-031-2.jpg?resize=300%2C200&amp;ssl=1 300w, https:\/\/i0.wp.com\/maudsoulimant.com\/wp-content\/uploads\/2020\/11\/StudioHENK_10082020_-031-2.jpg?resize=1024%2C683&amp;ssl=1 1024w, https:\/\/i0.wp.com\/maudsoulimant.com\/wp-content\/uploads\/2020\/11\/StudioHENK_10082020_-031-2.jpg?resize=768%2C512&amp;ssl=1 768w, https:\/\/i0.wp.com\/maudsoulimant.com\/wp-content\/uploads\/2020\/11\/StudioHENK_10082020_-031-2.jpg?resize=1536%2C1024&amp;ssl=1 1536w, https:\/\/i0.wp.com\/maudsoulimant.com\/wp-content\/uploads\/2020\/11\/StudioHENK_10082020_-031-2.jpg?resize=1200%2C800&amp;ssl=1 1200w, https:\/\/i0.wp.com\/maudsoulimant.com\/wp-content\/uploads\/2020\/11\/StudioHENK_10082020_-031-2.jpg?resize=550%2C367&amp;ssl=1 550w, https:\/\/i0.wp.com\/maudsoulimant.com\/wp-content\/uploads\/2020\/11\/StudioHENK_10082020_-031-2.jpg?resize=160%2C107&amp;ssl=1 160w\" sizes=\"auto, (max-width: 1100px) 100vw, 1100px\" \/><div class=\"wp-block-cover__inner-container is-layout-flow wp-block-cover-is-layout-flow\">\n<div class=\"wp-block-jetpack-layout-grid alignfull column1-desktop-grid__span-8 column1-desktop-grid__start-3 column1-desktop-grid__row-1 column1-tablet-grid__span-8 column1-tablet-grid__row-1 column1-mobile-grid__span-4 column1-mobile-grid__row-1\">\n<div class=\"wp-block-jetpack-layout-grid-column wp-block-jetpack-layout-grid__padding-none\">\n<h2 class=\"has-text-align-center wp-block-heading\">Parlons de votre projet<\/h2>\n\n\n\n<div class=\"wp-block-buttons is-content-justification-center is-layout-flex wp-block-buttons-is-layout-flex\">\n<div class=\"wp-block-button aligncenter is-style-outline is-style-outline--1\"><a class=\"wp-block-button__link has-background-color has-text-color\" href=\"https:\/\/maudsoulimant.com\/?page_id=217\" rel=\"#\">CONTACTEZ-NOUS<\/a><\/div>\n<\/div>\n<\/div>\n<\/div>\n<\/div><\/div>\n\n\n\n<p class=\"wp-block-paragraph\"><\/p>\n\n\n\n<p class=\"has-text-align-center wp-block-paragraph\"><a href=\"https:\/\/maudsoulimant.com\/?page_id=760\">Mentions l\u00e9gales<\/a><\/p>\n\n\n\n<p class=\"wp-block-paragraph\"><\/p>\n","protected":false},"excerpt":{"rendered":"<p>Chronologie des \u00e9tapes d&rsquo;\u00e9laboration du projet Conception Apr\u00e8s avoir effectu\u00e9 le relev\u00e9 m\u00e9trique, nous r\u00e9alisons la premi\u00e8re phase de conception qui d\u00e9finit la direction esth\u00e9tique du projet et pr\u00e9sente plusieurs propositions d&rsquo;am\u00e9nagement. La seconde phase consiste \u00e0 mettre au point l&rsquo; option que vous aurez retenue afin de constituer le dossier de consultation des entreprises. [&hellip;]<\/p>\n<a class=\"read-more-link\" title=\"PROCESS\" href=\" https:\/\/maudsoulimant.com\/ \">Read more <span class=\"screen-reader-text\">\"PROCESS\"<\/span><\/a>","protected":false},"author":189348757,"featured_media":0,"parent":0,"menu_order":0,"comment_status":"closed","ping_status":"closed","template":"","meta":{"_coblocks_attr":"","_coblocks_dimensions":"","_coblocks_responsive_height":"","_coblocks_accordion_ie_support":"","_crdt_document":"","advanced_seo_description":"","jetpack_seo_html_title":"","jetpack_seo_noindex":false,"footnotes":""},"tags":[],"class_list":["post-723","page","type-page","status-publish","hentry"],"jetpack_likes_enabled":false,"jetpack_sharing_enabled":true,"jetpack_shortlink":"https:\/\/wp.me\/PcaMdh-bF","_links":{"self":[{"href":"https:\/\/maudsoulimant.com\/index.php?rest_route=\/wp\/v2\/pages\/723","targetHints":{"allow":["GET"]}}],"collection":[{"href":"https:\/\/maudsoulimant.com\/index.php?rest_route=\/wp\/v2\/pages"}],"about":[{"href":"https:\/\/maudsoulimant.com\/index.php?rest_route=\/wp\/v2\/types\/page"}],"author":[{"embeddable":true,"href":"https:\/\/maudsoulimant.com\/index.php?rest_route=\/wp\/v2\/users\/189348757"}],"replies":[{"embeddable":true,"href":"https:\/\/maudsoulimant.com\/index.php?rest_route=%2Fwp%2Fv2%2Fcomments&post=723"}],"version-history":[{"count":21,"href":"https:\/\/maudsoulimant.com\/index.php?rest_route=\/wp\/v2\/pages\/723\/revisions"}],"predecessor-version":[{"id":953,"href":"https:\/\/maudsoulimant.com\/index.php?rest_route=\/wp\/v2\/pages\/723\/revisions\/953"}],"wp:attachment":[{"href":"https:\/\/maudsoulimant.com\/index.php?rest_route=%2Fwp%2Fv2%2Fmedia&parent=723"}],"wp:term":[{"taxonomy":"post_tag","embeddable":true,"href":"https:\/\/maudsoulimant.com\/index.php?rest_route=%2Fwp%2Fv2%2Ftags&post=723"}],"curies":[{"name":"wp","href":"https:\/\/api.w.org\/{rel}","templated":true}]}}